087
Let b(q) = 113*q**2 - 1118*q - 1409. What is b(11)?
-34
Let w(i) = -8398*i + 33211. Give w(4).
-381
Let k(n) = -5*n**2 + 25465*n + 2174329. Calculate k(-84).
-11
Let f(b) = 14*b**3 + 505*b**2 - 34*b - 2515. Give f(-36).
5
Let r(q) = -63*q**3 - 11*q**2 - 707*q + 1436. What is r(2)?
-526
Let r(j) = 6400*j + 57602. Calculate r(-9).
2
Let x(a) = -3*a + 254. What is x(-7)?
275
Let p(b) = 16*b**3 + 4*b**2 + 25*b + 8. What is p(-3)?
-463
Let c(v) = 42*v + 4909. Determine c(-113).
163
Let n(p) = 2*p**3 + 25*p**2 - 214*p - 2584. Calculate n(-13).
29
Let l(k) = -41*k**3 + 603*k**2 + 188*k - 124. What is l(15)?
-4
Let k(x) = -x**2 + 337*x - 11177. Give k(294).
1465
Let l(c) = -11*c**3 + 2096*c**2 + 32597*c - 415. Give l(205).
-5
Let f(o) = -673*o**2 - 54*o + 97. Determine f(2).
-2703
Let m(n) = 3*n**3 - 211*n**2 + 95*n - 764. What is m(70)?
986
Let r(n) = -4*n**2 - 1364*n - 87714. Give r(-255).
6
Let a(b) = -14669*b + 43920. Calculate a(3).
-87
Let b(d) = 14*d**2 - 1035*d + 8177. Give b(9).
-4
Let s(t) = 10*t**3 - 3*t**2 - 150*t - 292. What is s(-2)?
-84
Let v(k) = 1168*k + 23585. What is v(-20)?
225
Let y(k) = -99*k**2 + 864*k - 3599. What is y(4)?
-1727
Let o(l) = -6*l**2 - 4*l + 42. What is o(7)?
-280
Let p(b) = b**3 + 14*b**2 - 3442*b + 547. Give p(52).
27
Let m(h) = 2386*h + 252937. Calculate m(-106).
21
Let s(u) = 400*u**2 + 13608*u + 266. What is s(-34)?
-6
Let o(w) = -w**3 + 28*w**2 + 196*w + 973. Give o(32).
3149
Let k(o) = -126*o**2 + 244*o + 17. Calculate k(2).
1
Let u(a) = 14*a**2 - 11878*a - 71794. What is u(-6)?
-22
Let t(d) = 14*d**3 - 2*d**2 - 59*d - 4049. Give t(0).
-4049
Let x(v) = -5312*v + 47924. What is x(9)?
116
Let r(m) = 2*m**3 - 391*m**2 + 2071*m - 606075. Calculate r(198).
3
Let v(z) = -z**2 + 277*z - 13542. Determine v(64).
90
Let b(n) = -3*n**2 + 485*n - 18542. Give b(63).
106
Let b(u) = -2*u**3 + 120*u + 314. Determine b(-6).
26
Let h(w) = 19855*w + 1548696. Calculate h(-78).
6
Let n(r) = r**2 - 449*r + 20969. Calculate n(396).
-19
Let r(c) = 71*c**2 - 465*c + 730. What is r(5)?
180
Let f(m) = -148*m + 2690. Calculate f(17).
174
Let p(g) = -50*g - 1502. Give p(58).
-4402
Let c(r) = -r**3 - 45*r**2 + 99*r + 14912. Give c(-37).
297
Let v(r) = r**3 + 22*r**2 - 363*r - 7826. Give v(-18).
4
Let r(d) = -d**3 + 16*d**2 - 49*d - 562. Determine r(11).
-496
Let l(k) = 9132*k - 73066. What is l(8)?
-10
Let d(o) = 399*o**2 + 63*o - 73. Give d(1).
389
Let f(s) = -s**3 - 8*s**2 - 48*s - 18. Determine f(-10).
662
Let s(i) = 3239*i - 16286. What is s(5)?
-91
Let s(m) = 2*m**2 - 12673*m - 1786975. Give s(-138).
-13
Let n(t) = 656*t**2 - 118682*t - 9773. Calculate n(181).
1
Let s(a) = 21178*a**2 + 232953*a - 74. Determine s(-11).
-19
Let h(f) = 452*f - 34795. Calculate h(77).
9
Let t(r) = -5*r**3 + r**2 - 113*r - 761. Give t(-6).
1033
Let d(k) = k**2 - 117*k + 3926. Determine d(55).
516
Let h(y) = -4*y**3 + 5*y**2 - 492*y + 974. What is h(2)?
-22
Let p(n) = 2*n**2 - 925*n + 25105. Give p(29).
-38
Let z(w) = 354*w**2 - 3216*w + 179. Give z(9).
-91
Let g(o) = -176225*o - 1409844. What is g(-8)?
-44
Let n(i) = -i**2 + 62*i - 1628. Calculate n(47).
-923
Let r(o) = o**3 - 62*o**2 - 4506*o + 396. Determine r(-43).
9
Let y(i) = -118*i - 7325. Calculate y(-50).
-1425
Let c(i) = 50*i**2 + 1428*i - 239. Calculate c(-29).
399
Let h(m) = -2*m**3 - 234*m**2 - 167*m + 7551. Calculate h(-116).
11
Let k(p) = 10104*p + 5668330. Calculate k(-561).
-14
Let s(b) = -51*b**2 - 2895*b - 17767. Determine s(-7).
-1
Let m(g) = 14*g + 77. Give m(-8).
-35
Let v(m) = 600*m + 248412. What is v(-414)?
12
Let c(t) = t**2 - 353*t - 32056. Give c(-75).
44
Let x(j) = 2*j**3 + 435*j**2 + 123*j - 20387. Calculate x(-217).
11
Let f(v) = -v**3 - 160*v**2 + 327*v + 163. Calculate f(-162).
-323
Let x(b) = -b**3 + 63*b**2 - 577*b - 195. Give x(10).
-665
Let b(d) = 3*d**2 - 321*d - 6625. Calculate b(-19).
557
Let x(d) = 328*d - 355847. Calculate x(1085).
33
Let v(k) = 5*k**3 - 246*k**2 - 60*k - 6983. Calculate v(50).
17
Let g(r) = -2*r**3 + 3*r**2 + 8402*r - 112726. Calculate g(14).
2
Let b(p) = -4794*p + 5671349. Calculate b(1183).
47
Let w(r) = 22*r**3 - 706*r**2 + 100*r - 1117. Calculate w(32).
35
Let h(f) = -3*f**2 + 245*f - 415. Calculate h(79).
217
Let z(i) = 2*i + 502. Calculate z(1).
504
Let q(l) = -159371*l - 25818087. What is q(-162)?
15
Let j(m) = 9*m**2 - 397*m - 71. Calculate j(45).
289
Let w(b) = -10162*b - 142273. Give w(-14).
-5
Let d(p) = -p**3 + 85*p**2 + 858*p + 86. What is d(-9)?
-22
Let r(w) = 13*w**2 - 135*w - 48319. Calculate r(-56).
9
Let h(s) = s**3 - 64*s**2 + 553*s - 879. Give h(54).
-177
Let b(m) = 2*m**3 + 94*m**2 + 973*m - 3020. Give b(-23).
-7
Let w(u) = 62*u - 2358. What is w(40)?
122
Let p(j) = -9*j**3 + 29*j**2 - 58*j + 40. What is p(1)?
2
Let d(o) = -86*o**2 + 1502*o - 458. Give d(17).
222
Let i(q) = -25804*q + 1574046. Determine i(61).
2
Let f(n) = 42*n**2 + 1449*n - 7372. Determine f(-39).
-1
Let z(k) = -1409*k - 815919. Determine z(-579).
-108
Let y(w) = -w**3 - 14*w**2 - 602*w - 9240. What is y(-15)?
15
Let d(m) = 2*m**3 - 231*m**2 + 208*m - 11695. Give d(115).
-1000
Let o(v) = -12*v**3 + 2559*v**2 - 2795*v - 81622. Give o(212).
-2
Let l(v) = 3*v**2 + 739*v - 23646. What is l(-275)?
4
Let v(j) = -6*j**2 - 654*j - 6292. What is v(-10)?
-352
Let m(a) = 180*a**3 + 9*a**2 - 8*a - 15. Calculate m(-1).
-178
Let j(x) = 2657*x**3 + 19*x**2 + 5*x - 1. Calculate j(-1).
-2644
Let o(i) = -i**2 - 388*i - 34170. Determine o(-247).
657
Let c(f) = 3998*f + 304105. Determine c(-76).
257
Let u(m) = -60*m + 3107. Determine u(52).
-13
Let p(u) = 69*u**2 - 374*u - 822. Give p(8).
602
Let i(r) = 3*r**2 + 455468*r + 2277315. Determine i(-5).
50
Let m(g) = -96*g**2 + 1147*g - 1013. Determine m(11).
-12
Let l(f) = 720*f - 209840. Determine l(291).
-320
Let n(c) = 13131*c + 131418. Calculate n(-10).
108
Let h(j) = 3241*j - 181817. Determine h(56).
-321
Let z(w) = 127398*w + 636950. What is z(-5)?
-40
Let z(c) = -14*c**2 + 58*c - 358. What is z(7)?
-638
Let l(v) = -1109*v**2 - 10000*v - 134. Determine l(-9).
37
Let k(n) = -663*n**2 - 15914*n - 41. What is k(-24)?
7
Let p(r) = -500*r + 6661. Determine p(14).
-339
Let t(n) = -4*n**2 + 246*n - 2872. Give t(18).
260
Let z(p) = 6345*p + 19033. Give z(-3).
-2
Let y(x) = -x**3 - 23*x**2 - 114*x + 487. What is y(-11)?
289
Let r(y) = 5*y**2 - 199*y - 5715. Calculate r(-19).
-129
Let q(i) = 41818*i - 1965437. Determine q(47).
9
Let d(v) = 415*v**3 - 7877*v**2 - 153*v + 52. Determine d(19).
33
Let v(t) = 141*t**3 + 2079*t**2 - 544*t - 67. Determine v(-15).
-7
Let j(n) = -59*n - 1791. What is j(-17)?
-788
Let t(c) = 10058*c + 20034. What is t(-2)?
-82
Let k(r) = -40290*r + 282011. Calculate k(7).
-19
Let p(h) = 257*h - 5369. What is p(36)?
3883
Let m(z) = -18*z**2 - 25494*z + 178451. Give m(7).
-889
Let p(y) = 10856*y - 86260. What is p(8)?
588
Let b(j) = -8*j**2 - 16105*j - 192116. What is b(-12)?
-8
Let r(j) = -96398*j - 578500. What is r(-6)?
-112
Let x(c) = c**3 + 76*c**2 - 134*c + 2056. Calculate x(-78).
340
Let d(y) = -2*y**3 - 14*y**2 + 293*y + 2294. What is d(-8)?
78
Let y(a) = -4282*a - 175675. Give y(-41).
-113
Let t(p) = 946*p + 93681. Determine t(-99).
27
Let m(q) = 28*q + 63. What is m(9)?
315
Let t(z) = 2*z**3 + 133*z**2 - 6410*z + 37665. Calculate t(7).
-2
Let u(s) = -956*s - 51592. Determine u(-54).
32
Let j(w) = 2*w**2 + 242*w - 2720. What is j(-132)?
184
Let p(k) = -2*k**2 + 1037*k - 134436. Give p(249).
-225
Let o(s) = 116*s + 1125. Calculate o(-9).
81
Let g(t) = -15*t**2 - 4165*t + 1374. Give g(-278).
-16
Let i(k) = -815*k - 8958. Determine i(-11).
7
Let n(a) = 186*a + 5102. Give n(-27).
80
Let o(h) = h**3 - 26*h**2 + 128*h + 349. Calculate o(10).
29
Let t(c) = -2*c**2 - 122*c + 3866. Determine t(21).
422
Let s(a) = 3*a**3 + 158*a**2 - 64*a - 570. What is s(-53)?
13
Let q(v) = -v**3 - 165*v**2 + 9694*v - 2521. Calculate q(-211).
11
Let r(l) = -450*l + 36408. Give r(81).
-42
Let o(m) = -86*m**2 + 19101*m - 1989. Determine o(222).
9
Let f(q) = 21534*q - 64810. Give f(3).
-208
Let o(t) = -3*t**2 + 77*t + 1657. Determine o(-14).
-9
Let v(s) = -s**2 + 73*s + 2696. Give v(-31).
-528
Let h(t) = 153*t + 10724. Determine h(-73).
-445
Let o(t) = t**3 + 2*t**2 + 973*t + 108. Determine o(0).
108
Let f(m) = -58*m + 4125